{"id":662,"date":"2023-12-14T13:54:57","date_gmt":"2023-12-14T12:54:57","guid":{"rendered":"https:\/\/lmteurope.biz\/?page_id=662"},"modified":"2023-12-14T19:13:21","modified_gmt":"2023-12-14T18:13:21","slug":"consulting","status":"publish","type":"page","link":"https:\/\/lmteurope.biz\/index.php\/consulting\/","title":{"rendered":"Consulting"},"content":{"rendered":"\n<div class=\"wp-block-cover alignfull\" style=\"min-height:148px;aspect-ratio:unset;\"><span aria-hidden=\"true\" class=\"wp-block-cover__background has-background-dim\"><\/span><img loading=\"lazy\" decoding=\"async\" width=\"900\" height=\"517\" class=\"wp-block-cover__image-background wp-image-664\" alt=\"\" src=\"http:\/\/lmteurope.biz\/wp-content\/uploads\/2023\/12\/lmte_immagine_11_w.jpg\" style=\"object-position:54% 19%\" data-object-fit=\"cover\" data-object-position=\"54% 19%\" srcset=\"https:\/\/lmteurope.biz\/wp-content\/uploads\/2023\/12\/lmte_immagine_11_w.jpg 900w, https:\/\/lmteurope.biz\/wp-content\/uploads\/2023\/12\/lmte_immagine_11_w-300x172.jpg 300w, https:\/\/lmteurope.biz\/wp-content\/uploads\/2023\/12\/lmte_immagine_11_w-768x441.jpg 768w\" sizes=\"auto, (max-width: 900px) 100vw, 900px\" \/><div class=\"wp-block-cover__inner-container is-layout-constrained wp-block-cover-is-layout-constrained\">\n<h2 class=\"wp-block-heading alignwide has-text-align-left has-white-color has-text-color has-link-color wp-elements-0eb93cd63d38c614ec6039c5da5baba0\" style=\"font-size:40px\"><strong>Consulting<\/strong><\/h2>\n<\/div><\/div>\n\n\n\n<h2 class=\"wp-block-heading has-white-color has-text-color has-link-color wp-elements-b1b8396b2812eac38aac973179eeaf79\">Consulting<\/h2>\n\n\n\n<p>LMT Europe, grazie alla molteplicit\u00e0 di esperienze accumulate negli anni ed alle approfondite conoscenze di molti settori di mercato, \u00e8 in grado di offrire alle aziende un&#8217;ampia gamma di servizi o consulenze di alta qualit\u00e0 affidabili e consolidati adatti alle pi\u00f9 svariate esigenze.<\/p>\n\n\n\n<p>Tutti i servizi e le consulenze sono basati su metodologie e sistemi che sfruttano le migliori competenze e tecnologie presenti sul mercato e quindi consentono di realizzare interventi molto mirati ed efficaci che <strong>riducono sensibilmente gli investimenti ed il coinvolgimento delle risorse del Cliente<\/strong>.<\/p>\n\n\n\n<p>Ogni tipo di intervento poi, in funzione delle esigenze e del reale contesto operativo, pu\u00f2 essere integrato pi\u00f9 o meno profondamente con i processi, i flussi e le procedure aziendali al fine di ottenere la soluzione pi\u00f9 idonea ed efficiente.<\/p>\n\n\n\n<p>Nelle varie fasi del <strong>servizio<\/strong> LMT Europe pu\u00f2 eventualmente impiegare <strong>strumenti software e metodologie<\/strong> (<a href=\"\/index.php\/activity-based-working-method\" target=\"_blank\" rel=\"noreferrer noopener\"><strong>Activity-Based Working Method<\/strong><\/a>) sviluppati negli anni al proprio interno grazie ad esperienze maturate da collaborazioni e partnership con clienti su <strong>progetti di primaria importanza<\/strong>.<\/p>\n\n\n\n<p>A seconda delle necessit\u00e0, gli interventi, possono essere orientati alla <strong>Consulenza Operativa<\/strong> oppure alla <strong>Consulenza Direzionale<\/strong>.<\/p>\n\n\n\n<h2 class=\"wp-block-heading\">Consulenza Operativa<\/h2>\n\n\n\n<div class=\"wp-block-columns is-layout-flex wp-container-core-columns-is-layout-9d6595d7 wp-block-columns-is-layout-flex\">\n<div class=\"wp-block-column is-layout-flow wp-block-column-is-layout-flow\"><div class=\"wp-block-image\">\n<figure class=\"aligncenter size-full is-resized\"><img loading=\"lazy\" decoding=\"async\" width=\"300\" height=\"206\" src=\"http:\/\/lmteurope.biz\/wp-content\/uploads\/2023\/12\/engineering_01.jpg\" alt=\"\" class=\"wp-image-691\" style=\"width:262px;height:auto\"\/><\/figure>\n<\/div>\n\n<div class=\"wp-block-image\">\n<figure class=\"aligncenter size-full is-resized\"><img loading=\"lazy\" decoding=\"async\" width=\"910\" height=\"569\" src=\"http:\/\/lmteurope.biz\/wp-content\/uploads\/2022\/06\/gen_project_00_w.jpg\" alt=\"\" class=\"wp-image-225\" style=\"width:260px;height:auto\" srcset=\"https:\/\/lmteurope.biz\/wp-content\/uploads\/2022\/06\/gen_project_00_w.jpg 910w, https:\/\/lmteurope.biz\/wp-content\/uploads\/2022\/06\/gen_project_00_w-300x188.jpg 300w, https:\/\/lmteurope.biz\/wp-content\/uploads\/2022\/06\/gen_project_00_w-768x480.jpg 768w\" sizes=\"auto, (max-width: 910px) 100vw, 910px\" \/><\/figure>\n<\/div>\n\n<div class=\"wp-block-image\">\n<figure class=\"aligncenter size-full is-resized\"><img loading=\"lazy\" decoding=\"async\" width=\"1024\" height=\"576\" src=\"http:\/\/lmteurope.biz\/wp-content\/uploads\/2022\/05\/20220316_104207_w.jpg\" alt=\"\" class=\"wp-image-102\" style=\"width:262px;height:auto\" srcset=\"https:\/\/lmteurope.biz\/wp-content\/uploads\/2022\/05\/20220316_104207_w.jpg 1024w, https:\/\/lmteurope.biz\/wp-content\/uploads\/2022\/05\/20220316_104207_w-300x169.jpg 300w, https:\/\/lmteurope.biz\/wp-content\/uploads\/2022\/05\/20220316_104207_w-768x432.jpg 768w, https:\/\/lmteurope.biz\/wp-content\/uploads\/2022\/05\/20220316_104207_w-800x450.jpg 800w\" sizes=\"auto, (max-width: 1024px) 100vw, 1024px\" \/><\/figure>\n<\/div><\/div>\n\n\n\n<div class=\"wp-block-column is-layout-flow wp-block-column-is-layout-flow\">\n<ul class=\"wp-block-list\">\n<li>Servizi di Ingegneria<\/li>\n\n\n\n<li>Formazione<\/li>\n\n\n\n<li>Testing<\/li>\n\n\n\n<li>RAMS (Reliability, Availability, Maintainability and Safety)<\/li>\n\n\n\n<li>V&amp;V (Verifica e Validazione)<\/li>\n\n\n\n<li>Progettazione<\/li>\n\n\n\n<li>Problem solving<\/li>\n\n\n\n<li>Qualit\u00e0 e Sicurezza<\/li>\n\n\n\n<li>PM &#8211; Project Management<\/li>\n\n\n\n<li>PMO &#8211; Project Management Office<\/li>\n\n\n\n<li>Sviluppo Software, Firmware, Automazione (chiavi in mano o time material)<\/li>\n\n\n\n<li>Grafica e WEB design<\/li>\n\n\n\n<li>Gestione Eventi (interni o esterni)<\/li>\n\n\n\n<li>Gestione Archivi<\/li>\n\n\n\n<li>Gestione della Documentazione<\/li>\n<\/ul>\n<\/div>\n<\/div>\n\n\n\n<hr class=\"wp-block-separator has-alpha-channel-opacity\"\/>\n\n\n\n<h2 class=\"wp-block-heading\">Consulenza Direzionale<\/h2>\n\n\n\n<div class=\"wp-block-columns is-layout-flex wp-container-core-columns-is-layout-9d6595d7 wp-block-columns-is-layout-flex\">\n<div class=\"wp-block-column is-vertically-aligned-top is-layout-flow wp-block-column-is-layout-flow\"><div class=\"wp-block-image\">\n<figure class=\"aligncenter size-full\"><img loading=\"lazy\" decoding=\"async\" width=\"250\" height=\"174\" src=\"http:\/\/lmteurope.biz\/wp-content\/uploads\/2023\/12\/lmt-europe-img-sms-system-17.jpg\" alt=\"\" class=\"wp-image-636\"\/><\/figure>\n<\/div>\n\n<div class=\"wp-block-image\">\n<figure class=\"aligncenter size-full is-resized\"><img loading=\"lazy\" decoding=\"async\" width=\"399\" height=\"236\" src=\"http:\/\/lmteurope.biz\/wp-content\/uploads\/2023\/12\/teamwork_03_w.jpg\" alt=\"\" class=\"wp-image-692\" style=\"width:250px;height:auto\" srcset=\"https:\/\/lmteurope.biz\/wp-content\/uploads\/2023\/12\/teamwork_03_w.jpg 399w, https:\/\/lmteurope.biz\/wp-content\/uploads\/2023\/12\/teamwork_03_w-300x177.jpg 300w\" sizes=\"auto, (max-width: 399px) 100vw, 399px\" \/><\/figure>\n<\/div>\n\n<div class=\"wp-block-image\">\n<figure class=\"aligncenter size-full is-resized\"><img loading=\"lazy\" decoding=\"async\" width=\"600\" height=\"291\" src=\"http:\/\/lmteurope.biz\/wp-content\/uploads\/2023\/12\/DSCN2336_w.jpg\" alt=\"\" class=\"wp-image-701\" style=\"width:252px;height:auto\" srcset=\"https:\/\/lmteurope.biz\/wp-content\/uploads\/2023\/12\/DSCN2336_w.jpg 600w, https:\/\/lmteurope.biz\/wp-content\/uploads\/2023\/12\/DSCN2336_w-300x146.jpg 300w\" sizes=\"auto, (max-width: 600px) 100vw, 600px\" \/><\/figure>\n<\/div><\/div>\n\n\n\n<div class=\"wp-block-column is-layout-flow wp-block-column-is-layout-flow\">\n<ul class=\"wp-block-list\">\n<li>Temporary Management<\/li>\n\n\n\n<li>Business Process Reengineering<\/li>\n\n\n\n<li>Cost reduction<\/li>\n\n\n\n<li>Organizzazione Aziendale<\/li>\n\n\n\n<li>Piani di Miglioramento Continuo<\/li>\n\n\n\n<li>Activity Based Management<\/li>\n\n\n\n<li>Activity Based Costing<\/li>\n\n\n\n<li>Definizione dei KPI operativi<\/li>\n\n\n\n<li>Coaching motivazionale<\/li>\n\n\n\n<li>Supporto alla Certificazione (per esempio: ISO 9000, ISO 14000, ecc.)<\/li>\n\n\n\n<li>Auditing<\/li>\n\n\n\n<li>Supporto definizione e implementazione dei piani <\/li>\n\n\n\n<li>Supporto definizione e implementazione dei Piani Strategici <\/li>\n\n\n\n<li>Supporto definizione e implementazione dei piani di Green Transition<\/li>\n\n\n\n<li>Supporto definizione e implementazione dei piani di Digital Transition<\/li>\n\n\n\n<li>Technology consulting<\/li>\n<\/ul>\n<\/div>\n<\/div>\n\n\n\n<hr class=\"wp-block-separator has-alpha-channel-opacity\"\/>\n","protected":false},"excerpt":{"rendered":"<p>Consulting LMT Europe, grazie alla molteplicit\u00e0 di esperienze accumulate negli anni ed alle approfondite conoscenze di molti settori di mercato, \u00e8 in grado di offrire alle aziende un&#8217;ampia gamma di servizi o consulenze di alta qualit\u00e0 affidabili e consolidati adatti alle pi\u00f9 svariate esigenze. Tutti i servizi e le consulenze sono basati su metodologie e [&hellip;]<\/p>\n","protected":false},"author":1,"featured_media":0,"parent":0,"menu_order":0,"comment_status":"closed","ping_status":"closed","template":"","meta":{"ocean_post_layout":"","ocean_both_sidebars_style":"","ocean_both_sidebars_content_width":0,"ocean_both_sidebars_sidebars_width":0,"ocean_sidebar":"","ocean_second_sidebar":"","ocean_disable_margins":"enable","ocean_add_body_class":"","ocean_shortcode_before_top_bar":"","ocean_shortcode_after_top_bar":"","ocean_shortcode_before_header":"","ocean_shortcode_after_header":"","ocean_has_shortcode":"","ocean_shortcode_after_title":"","ocean_shortcode_before_footer_widgets":"","ocean_shortcode_after_footer_widgets":"","ocean_shortcode_before_footer_bottom":"","ocean_shortcode_after_footer_bottom":"","ocean_display_top_bar":"default","ocean_display_header":"default","ocean_header_style":"","ocean_center_header_left_menu":"","ocean_custom_header_template":"","ocean_custom_logo":0,"ocean_custom_retina_logo":0,"ocean_custom_logo_max_width":0,"ocean_custom_logo_tablet_max_width":0,"ocean_custom_logo_mobile_max_width":0,"ocean_custom_logo_max_height":0,"ocean_custom_logo_tablet_max_height":0,"ocean_custom_logo_mobile_max_height":0,"ocean_header_custom_menu":"","ocean_menu_typo_font_family":"","ocean_menu_typo_font_subset":"","ocean_menu_typo_font_size":0,"ocean_menu_typo_font_size_tablet":0,"ocean_menu_typo_font_size_mobile":0,"ocean_menu_typo_font_size_unit":"px","ocean_menu_typo_font_weight":"","ocean_menu_typo_font_weight_tablet":"","ocean_menu_typo_font_weight_mobile":"","ocean_menu_typo_transform":"","ocean_menu_typo_transform_tablet":"","ocean_menu_typo_transform_mobile":"","ocean_menu_typo_line_height":0,"ocean_menu_typo_line_height_tablet":0,"ocean_menu_typo_line_height_mobile":0,"ocean_menu_typo_line_height_unit":"","ocean_menu_typo_spacing":0,"ocean_menu_typo_spacing_tablet":0,"ocean_menu_typo_spacing_mobile":0,"ocean_menu_typo_spacing_unit":"","ocean_menu_link_color":"","ocean_menu_link_color_hover":"","ocean_menu_link_color_active":"","ocean_menu_link_background":"","ocean_menu_link_hover_background":"","ocean_menu_link_active_background":"","ocean_menu_social_links_bg":"","ocean_menu_social_hover_links_bg":"","ocean_menu_social_links_color":"","ocean_menu_social_hover_links_color":"","ocean_disable_title":"default","ocean_disable_heading":"default","ocean_post_title":"","ocean_post_subheading":"","ocean_post_title_style":"","ocean_post_title_background_color":"","ocean_post_title_background":0,"ocean_post_title_bg_image_position":"","ocean_post_title_bg_image_attachment":"","ocean_post_title_bg_image_repeat":"","ocean_post_title_bg_image_size":"","ocean_post_title_height":0,"ocean_post_title_bg_overlay":0.5,"ocean_post_title_bg_overlay_color":"","ocean_disable_breadcrumbs":"default","ocean_breadcrumbs_color":"","ocean_breadcrumbs_separator_color":"","ocean_breadcrumbs_links_color":"","ocean_breadcrumbs_links_hover_color":"","ocean_display_footer_widgets":"default","ocean_display_footer_bottom":"default","ocean_custom_footer_template":"","footnotes":""},"class_list":["post-662","page","type-page","status-publish","hentry","entry"],"_links":{"self":[{"href":"https:\/\/lmteurope.biz\/index.php\/wp-json\/wp\/v2\/pages\/662","targetHints":{"allow":["GET"]}}],"collection":[{"href":"https:\/\/lmteurope.biz\/index.php\/wp-json\/wp\/v2\/pages"}],"about":[{"href":"https:\/\/lmteurope.biz\/index.php\/wp-json\/wp\/v2\/types\/page"}],"author":[{"embeddable":true,"href":"https:\/\/lmteurope.biz\/index.php\/wp-json\/wp\/v2\/users\/1"}],"replies":[{"embeddable":true,"href":"https:\/\/lmteurope.biz\/index.php\/wp-json\/wp\/v2\/comments?post=662"}],"version-history":[{"count":30,"href":"https:\/\/lmteurope.biz\/index.php\/wp-json\/wp\/v2\/pages\/662\/revisions"}],"predecessor-version":[{"id":702,"href":"https:\/\/lmteurope.biz\/index.php\/wp-json\/wp\/v2\/pages\/662\/revisions\/702"}],"wp:attachment":[{"href":"https:\/\/lmteurope.biz\/index.php\/wp-json\/wp\/v2\/media?parent=662"}],"curies":[{"name":"wp","href":"https:\/\/api.w.org\/{rel}","templated":true}]}}